{"id":173,"date":"2021-04-12T08:20:52","date_gmt":"2021-04-12T08:20:52","guid":{"rendered":"https:\/\/grundlsee.org\/?page_id=173"},"modified":"2021-04-13T09:59:37","modified_gmt":"2021-04-13T09:59:37","slug":"was-koennen-sie-tun","status":"publish","type":"page","link":"https:\/\/grundlsee.org\/?page_id=173","title":{"rendered":"Impressum"},"content":{"rendered":"\n<p>Ferienwohnung Brandst\u00e4tter &#8211; Grundlsee<\/p>\n\n\n\n<p>Anita und Herbert Brandst\u00e4tter<\/p>\n\n\n\n<p>8993 Grundlsee<\/p>\n\n\n\n<p>T: +43 660 3520315<\/p>\n\n\n\n<p>E-Mail: brandher@aon.at<\/p>\n\n\n\n<p>\u200b<\/p>\n\n\n\n<p>\u200b<\/p>\n\n\n\n<p>Verbraucher haben die M\u00f6glichkeit, Beschwerden an die Online-Streitbeilegungsplattform der EU zu richten:&nbsp;<\/p>\n\n\n\n<p>Sie k\u00f6nnen allf\u00e4llige Beschwerde auch an die oben angegebene E-Mail-Adresse richten.<br>Fotos:\u00a0 <a href=\"http:\/\/www.grundlsee.org\" target=\"_blank\" rel=\"noreferrer noopener\">Herbert Brandst\u00e4tter<\/a>\u00a0\/<a href=\"https:\/\/www.salzkammergut.at\/?utm_source=google&amp;utm_medium=cpc&amp;utm_campaign=search-allgemein&amp;gclid=Cj0KCQjwgtWDBhDZARIsADEKwgOmjvET5bQ4iJkXAJmDFvVz6e6knquuPtC5J4eXyMNOLaOhAlvnf9oaAixEEALw_wcB\" data-type=\"URL\" data-id=\"https:\/\/www.salzkammergut.at\/?utm_source=google&amp;utm_medium=cpc&amp;utm_campaign=search-allgemein&amp;gclid=Cj0KCQjwgtWDBhDZARIsADEKwgOmjvET5bQ4iJkXAJmDFvVz6e6knquuPtC5J4eXyMNOLaOhAlvnf9oaAixEEALw_wcB\">\u00a0TVB Salzkammergut<\/a>\/<a href=\"http:\/\/www.grundlsee.at\" data-type=\"URL\" data-id=\"www.grundlsee.at\">Gemeinde Grundlsee<\/a>\/<a rel=\"noreferrer noopener\" href=\"http:\/\/www.ausseerland.at\/\" target=\"_blank\">TVB Ausseerland<\/a><\/p>\n\n\n\n<p><strong>DATENSCHUTZERKL\u00c4RUNG<\/strong><strong><\/strong><\/p>\n\n\n\n<p>Der Schutz Ihrer pers\u00f6nlichen Daten ist uns ein besonderes Anliegen. Wir verarbeiten Ihre Daten daher ausschlie\u00dflich auf Grundlage der gesetzlichen Bestimmungen (DSGVO, TKG 2003). In diesen Datenschutzinformationen informieren wir Sie \u00fcber die wichtigsten Aspekte der Datenverarbeitung im Rahmen unserer Website.<\/p>\n\n\n\n<p><strong>Kontakt mit uns<\/strong><\/p>\n\n\n\n<p>Wenn Sie per Formular auf der Website oder per E-Mail Kontakt mit uns aufnehmen, werden Ihre angegebenen Daten zwecks Bearbeitung der Anfrage und f\u00fcr den Fall von Anschlussfragen sechs Monate bei uns gespeichert. Diese Daten geben wir nicht ohne Ihre Einwilligung weiter.<\/p>\n\n\n\n<p><strong>Datenspeicherung<\/strong><\/p>\n\n\n\n<p>Wir weisen darauf hin, dass zum Zweck des einfacheren Buchungsvorganges und zur sp\u00e4teren Vertragsabwicklung&nbsp;im Rahmen von Cookies die IP-Daten des Anschlussinhabers gespeichert werden, ebenso wie Name und&nbsp;Anschrift der Gastes.<\/p>\n\n\n\n<p>Dar\u00fcber hinaus werden zum Zweck der Vertragsabwicklung folgende Daten auch bei uns gespeichert: E-Mail-Adresse, Buchungsdauer, Anzahl der G\u00e4ste, Alter der G\u00e4ste.&nbsp;Die von Ihnen bereit gestellten Daten sind zur Vertragserf\u00fcllung bzw zur Durchf\u00fchrung vorvertraglicher Ma\u00dfnahmen erforderlich. Ohne diese Daten k\u00f6nnen wir den Vertrag mit Ihnen nicht abschlie\u00dfen. Eine Daten\u00fcbermittlung an Dritte erfolgt nicht, mit Ausnahme der \u00dcbermittlung&nbsp;an unseren Steuerberater zur Erf\u00fcllung unserer steuerrechtlichen Verpflichtungen.<\/p>\n\n\n\n<p>Nach Abbruch des Buchung werden die bei uns gespeicherten Daten gel\u00f6scht. Im Falle eines Vertragsabschlusses werden s\u00e4mtliche Daten aus dem Vertragsverh\u00e4ltnis bis zum Ablauf der steuerrechtlichen Aufbewahrungsfrist (7 Jahre) gespeichert. Die Daten Name, Anschrift, Buchungszeitraum und Buchungsdatum werden dar\u00fcber hinaus bis zum Ablauf der Produkthaftung (10 Jahre) gespeichert.&nbsp;Die Datenverarbeitung erfolgt auf Basis der gesetzlichen Bestimmungen des \u00a7 96 Abs 3 TKG sowie des Art 6 Abs 1 lit a (Einwilligung) und\/oder lit b (notwendig zur Vertragserf\u00fcllung) der DSGVO.<\/p>\n\n\n\n<p><strong>Cookies<\/strong><\/p>\n\n\n\n<p>Unsere Website verwendet so genannte Cookies. Dabei handelt es sich um kleine Textdateien, die mit Hilfe des Browsers auf Ihrem Endger\u00e4t abgelegt werden. Sie richten keinen Schaden an.<\/p>\n\n\n\n<p>Wir nutzen Cookies dazu, unser Angebot nutzerfreundlich zu gestalten. Einige Cookies bleiben auf Ihrem Endger\u00e4t gespeichert, bis Sie diese l\u00f6schen. Sie erm\u00f6glichen es uns, Ihren Browser beim n\u00e4chsten Besuch wiederzuerkennen.<\/p>\n\n\n\n<p>Wenn Sie dies nicht w\u00fcnschen, so k\u00f6nnen Sie Ihren Browser so einrichten, dass er Sie \u00fcber das Setzen von Cookies informiert und Sie dies nur im Einzelfall erlauben.<\/p>\n\n\n\n<p>Bei der Deaktivierung von Cookies kann die Funktionalit\u00e4t unserer Website eingeschr\u00e4nkt sein.<\/p>\n\n\n\n<p>\u200b<\/p>\n\n\n\n<p><strong>Web-Analyse<\/strong><\/p>\n\n\n\n<p>Unsere Website verwendet Funktionen des Webanalysedienstes Google &amp; WIX. Dabei k\u00f6nnen auch Daten an ein (au\u00dfereurop\u00e4isches) Drittland \u00fcbertragen werden.&nbsp;Dazu werden Cookies verwendet, die eine Analyse der Benutzung der Website durch Ihre Benutzer erm\u00f6glicht. Die dadurch erzeugten Informationen werden auf den Server des Anbieters \u00fcbertragen und dort gespeichert.<\/p>\n\n\n\n<p>Sie k\u00f6nnen dies verhindern, indem Sie Ihren Browser so einrichten, dass keine Cookies gespeichert werden.<\/p>\n\n\n\n<p>Wir haben mit dem Anbieter einen entsprechenden Vertrag zur Auftragsdatenverarbeitung abgeschlossen. Die Beziehung zum Webanalyseanbieter basiert auf Standardvertragsklauseln und einem Angemessenheitsbeschluss der Europ\u00e4ischen Kommission. Die Datenverarbeitung erfolgt auf Basis der gesetzlichen Bestimmungen des \u00a7 96 Abs 3 TKG sowie des Art 6 Abs 1 lit a (Einwilligung) und\/oder f (berechtigtes Interesse) der DSGVO.<\/p>\n\n\n\n<p>\u200b<\/p>\n\n\n\n<p>Unser Anliegen im Sinne der DSGVO (berechtigtes Interesse) ist die Verbesserung unseres Angebotes und unseres Webauftritts. Da uns die Privatsph\u00e4re unserer Nutzer wichtig ist, werden die Nutzerdaten pseudonymisiert. Die Nutzerdaten werden f\u00fcr die Dauer von einem Jahr aufbewahrt.<\/p>\n\n\n\n<p><strong>Ihre Rechte<\/strong><\/p>\n\n\n\n<p>Ihnen stehen bez\u00fcglich Ihrer bei uns gespeicherten Daten grunds\u00e4tzlich die Rechte auf Auskunft, Berichtigung, L\u00f6schung, Einschr\u00e4nkung, Daten\u00fcbertragbarkeit, Widerruf und Widerspruch zu. Wenn Sie glauben, dass die Verarbeitung Ihrer Daten gegen das Datenschutzrecht verst\u00f6\u00dft oder Ihre datenschutzrechtlichen Anspr\u00fcche sonst in einer Weise verletzt worden sind, k\u00f6nnen Sie sich bei uns [] oder der Datenschutzbeh\u00f6rde beschweren.<\/p>\n\n\n\n<p>Sie erreichen uns unter folgenden Kontaktdaten:<\/p>\n\n\n\n<p>Anita und Herbert Brandst\u00e4tter,Untertressen 44, &nbsp;8993 Grundlsee,&nbsp;, T: +43 660 3520315.<\/p>\n\n\n\n<p>\u200b<\/p>\n\n\n\n<p>\u200b<\/p>\n\n\n\n<p>\u200b<\/p>\n\n\n\n<p>\u200b<\/p>\n\n\n\n<p>\u200b<\/p>\n\n\n\n<p>\u200b<\/p>\n\n\n\n<p><strong>STORNOBEDINGUNGEN<\/strong><strong><\/strong> Es gelten die aktuellen Stornobedingungen gem\u00e4\u00df \u00d6HVB.<br>Kurzfassung: http:\/\/www.hotelverband.at\/stornooehvb.htm<br>Langfassung (mehrsprachig):&nbsp;<a href=\"https:\/\/www.wko.at\/branchen\/tourismus-freizeitwirtschaft\/hotellerie\/Allgemeine_Geschaeftsbedingungen_fuer_die_Hotellerie_(AGBH).html\" target=\"_blank\" rel=\"noreferrer noopener\">https:\/\/www.wko.at\/branchen\/tourismus-freizeitwirtschaft\/hotellerie\/Allgemeine_Geschaeftsbedingungen_fuer_die_Hotellerie_(AGBH).html<\/a><\/p>\n\n\n\n<p><\/p>\n\n\n\n<p><\/p>\n","protected":false},"excerpt":{"rendered":"<p>Ferienwohnung Brandst\u00e4tter &#8211; Grundlsee Anita und Herbert Brandst\u00e4tter 8993 Grundlsee T: +43 660 3520315 E-Mail: brandher@aon.at \u200b \u200b Verbraucher haben die M\u00f6glichkeit, Beschwerden an die Online-Streitbeilegungsplattform der EU zu richten:&nbsp; Sie k\u00f6nnen allf\u00e4llige Beschwerde auch an die oben angegebene E-Mail-Adresse richten.Fotos:\u00a0 Herbert Brandst\u00e4tter\u00a0\/\u00a0TVB Salzkammergut\/Gemeinde Grundlsee\/TVB Ausseerland DATENSCHUTZERKL\u00c4RUNG Der Schutz Ihrer pers\u00f6nlichen Daten ist uns ein [&hellip;]<\/p>\n","protected":false},"author":1,"featured_media":0,"parent":0,"menu_order":0,"comment_status":"closed","ping_status":"closed","template":"","meta":{"footnotes":""},"class_list":["post-173","page","type-page","status-publish","hentry"],"_links":{"self":[{"href":"https:\/\/grundlsee.org\/index.php?rest_route=\/wp\/v2\/pages\/173","targetHints":{"allow":["GET"]}}],"collection":[{"href":"https:\/\/grundlsee.org\/index.php?rest_route=\/wp\/v2\/pages"}],"about":[{"href":"https:\/\/grundlsee.org\/index.php?rest_route=\/wp\/v2\/types\/page"}],"author":[{"embeddable":true,"href":"https:\/\/grundlsee.org\/index.php?rest_route=\/wp\/v2\/users\/1"}],"replies":[{"embeddable":true,"href":"https:\/\/grundlsee.org\/index.php?rest_route=%2Fwp%2Fv2%2Fcomments&post=173"}],"version-history":[{"count":5,"href":"https:\/\/grundlsee.org\/index.php?rest_route=\/wp\/v2\/pages\/173\/revisions"}],"predecessor-version":[{"id":414,"href":"https:\/\/grundlsee.org\/index.php?rest_route=\/wp\/v2\/pages\/173\/revisions\/414"}],"wp:attachment":[{"href":"https:\/\/grundlsee.org\/index.php?rest_route=%2Fwp%2Fv2%2Fmedia&parent=173"}],"curies":[{"name":"wp","href":"https:\/\/api.w.org\/{rel}","templated":true}]}}