{"id":549,"date":"2023-03-25T19:13:29","date_gmt":"2023-03-25T19:13:29","guid":{"rendered":"https:\/\/grundlsee.org\/?page_id=549"},"modified":"2023-03-25T19:13:29","modified_gmt":"2023-03-25T19:13:29","slug":"unsere-wohnung","status":"publish","type":"page","link":"https:\/\/grundlsee.org\/?page_id=549","title":{"rendered":"Unsere Wohnung"},"content":{"rendered":"\n<p>Die luxuri\u00f6se Ferienwohnung hat 100 qm Wohnfl\u00e4che plus einem 21 qm gro\u00dfen s\u00fcdseitigen Balkon mit freier Sicht auf die heimischen Berge.<\/p>\n\n\n\n<figure class=\"wp-block-image size-full\"><img loading=\"lazy\" decoding=\"async\" width=\"463\" height=\"460\" src=\"https:\/\/grundlsee.org\/wp-content\/uploads\/2023\/03\/Ferienwohnung-Brandstaetter-1.png\" alt=\"Grundriss Wohnung\" class=\"wp-image-546\" srcset=\"https:\/\/grundlsee.org\/wp-content\/uploads\/2023\/03\/Ferienwohnung-Brandstaetter-1.png 463w, https:\/\/grundlsee.org\/wp-content\/uploads\/2023\/03\/Ferienwohnung-Brandstaetter-1-300x298.png 300w, https:\/\/grundlsee.org\/wp-content\/uploads\/2023\/03\/Ferienwohnung-Brandstaetter-1-150x150.png 150w\" sizes=\"auto, (max-width: 463px) 100vw, 463px\" \/><figcaption class=\"wp-element-caption\"><strong>S\u00fcden<\/strong><\/figcaption><\/figure>\n\n\n\n<p>Sie besteht aus einer gro\u00dfen Wohnk\u00fcche:<\/p>\n\n\n\n<p>mit einer Wohnzimmergarnitur, Esstisch f\u00fcr 6 Personen, komplett eingerichteter K\u00fcche (K\u00fchlschrank, Geschirrsp\u00fcler, E Herd, Mikrowelle, Toaster, Kaffeevollautomat, Tischherd, Sat TV mit Sky, Netflix und Internet kostenlos inbegriffen.<\/p>\n\n\n\n<p>3 Schlafzimmern mit je einem Doppelbett (auch als Einzelbetten nutzbar &#8211; Kindergitterbett kann gestellt werden)<\/p>\n\n\n\n<p>1 Bad mit Walk In Dusche und gro\u00dfem Doppelwaschtisch<\/p>\n\n\n\n<p>1 WC<\/p>\n\n\n\n<p>1 Vorraum mit Garderobe und Schuhablage.<\/p>\n\n\n\n<p class=\"has-background\" style=\"background-color:#c5ece0\">B\u00fccherschrank und Spiele sind vorhanden.<\/p>\n","protected":false},"excerpt":{"rendered":"<p>Die luxuri\u00f6se Ferienwohnung hat 100 qm Wohnfl\u00e4che plus einem 21 qm gro\u00dfen s\u00fcdseitigen Balkon mit freier Sicht auf die heimischen Berge. Sie besteht aus einer gro\u00dfen Wohnk\u00fcche: mit einer Wohnzimmergarnitur, Esstisch f\u00fcr 6 Personen, komplett eingerichteter K\u00fcche (K\u00fchlschrank, Geschirrsp\u00fcler, E Herd, Mikrowelle, Toaster, Kaffeevollautomat, Tischherd, Sat TV mit Sky, Netflix und Internet kostenlos inbegriffen. 3 [&hellip;]<\/p>\n","protected":false},"author":1,"featured_media":0,"parent":0,"menu_order":0,"comment_status":"closed","ping_status":"closed","template":"","meta":{"footnotes":""},"class_list":["post-549","page","type-page","status-publish","hentry"],"_links":{"self":[{"href":"https:\/\/grundlsee.org\/index.php?rest_route=\/wp\/v2\/pages\/549","targetHints":{"allow":["GET"]}}],"collection":[{"href":"https:\/\/grundlsee.org\/index.php?rest_route=\/wp\/v2\/pages"}],"about":[{"href":"https:\/\/grundlsee.org\/index.php?rest_route=\/wp\/v2\/types\/page"}],"author":[{"embeddable":true,"href":"https:\/\/grundlsee.org\/index.php?rest_route=\/wp\/v2\/users\/1"}],"replies":[{"embeddable":true,"href":"https:\/\/grundlsee.org\/index.php?rest_route=%2Fwp%2Fv2%2Fcomments&post=549"}],"version-history":[{"count":1,"href":"https:\/\/grundlsee.org\/index.php?rest_route=\/wp\/v2\/pages\/549\/revisions"}],"predecessor-version":[{"id":551,"href":"https:\/\/grundlsee.org\/index.php?rest_route=\/wp\/v2\/pages\/549\/revisions\/551"}],"wp:attachment":[{"href":"https:\/\/grundlsee.org\/index.php?rest_route=%2Fwp%2Fv2%2Fmedia&parent=549"}],"curies":[{"name":"wp","href":"https:\/\/api.w.org\/{rel}","templated":true}]}}